hat is 3 - 3205451?
-3205446
In base 2, what is -101010011010010001010000 + -100?
-101010011010010001010100
In base 8, what is 176543 + 122?
176665
In base 3, what is 2 - -22011122212220022?
22011122212220101
In base 14, what is -3 + 7d971?
7d96c
In base 12, what is 298550 - -663?
298bb3
In base 15, what is 22ba - eb5?
1305
In base 6, what is -5220411 + 234?
-5220133
In base 6, what is 14 - -420131322?
420131340
In base 10, what is 2 - -3808737?
3808739
In base 8, what is -3 + -613625466?
-613625471
In base 11, what is -6a4a25 - 3?
-6a4a28
In base 16, what is -1e769a9d + 3?
-1e769a9a
In base 10, what is 396 - -2774?
3170
In base 16, what is -e54d + 1645?
-cf08
In base 7, what is -24262452 - -4?
-24262445
In base 12, what is 35375 + -1422?
33b53
In base 4, what is -3123300320 - 3010?
-3123303330
In base 4, what is 1013123 - 13311?
333212
In base 16, what is -bcd46f + 9?
-bcd466
In base 2, what is -1011101001000001110111 - -11?
-1011101001000001110100
In base 8, what is -240147244 + 3?
-240147241
In base 3, what is -1202210202222221 + 21?
-1202210202222200
In base 9, what is -382334 + 4?
-382330
In base 6, what is -22 + 112354331?
112354305
In base 15, what is -116 + -9ad2e?
-9ae45
In base 3, what is 10122111002212 + 1110?
10122111011022
In base 6, what is -3415 - -1424034?
1420215
In base 15, what is 4 + -475eb43?
-475eb3e
In base 13, what is 77 - -77a8a?
77b34
In base 4, what is 1001013 + 123320221?
130321300
In base 6, what is -15334332 + -111?
-15334443
In base 5, what is -1021202 + 131?
-1021021
In base 11, what is -2 + 11863135?
11863133
In base 6, what is 3 + 1541311214?
1541311221
In base 13, what is -1952 + -a03?
-2655
In base 5, what is -2240 + 11223331?
11221041
In base 14, what is 8d7 - 613d?
-5646
In base 15, what is -2 + 272b9ad?
272b9ab
In base 7, what is -11065401 + -25?
-11065426
In base 9, what is 687 - 327107?
-326310
In base 7, what is 10 - 51036230?
-51036220
In base 11, what is 1a296a7 - 2?
1a296a5
In base 12, what is 507721a + -5?
5077215
In base 10, what is 2690 - -6145?
8835
In base 16, what is 108752f - -2?
1087531
In base 11, what is -1247 - 6a4?
-1940
In base 11, what is -88152980 + -2?
-88152982
In base 3, what is -111112221001022002 - -1?
-111112221001022001
In base 10, what is 59280395 - 11?
59280384
In base 15, what is -22e - -2321d?
22ede
In base 8, what is 3 - -771621603?
771621606
In base 5, what is 1032 - -422320023?
422321110
In base 8, what is -705 - -247620?
246713
In base 5, what is -200441140 + -2122?
-200443312
In base 2, what is -100 - -11100001000001111111101001?
11100001000001111111100101
In base 4, what is -22101 - -123131111?
123103010
In base 5, what is 313002 - 401113?
-33111
In base 11, what is -2a2614 - 2?
-2a2616
In base 7, what is 1633212 - -121?
1633333
In base 13, what is 1c836 + 4488?
23cc1
In base 16, what is -1e30c - -2a?
-1e2e2
In base 7, what is -2061516 - 1051?
-2062600
In base 11, what is 1a6 - 28080?
-27985
In base 8, what is 10333563167 - 3?
10333563164
In base 15, what is -2 + -a2c5d81?
-a2c5d83
In base 2, what is -1000 + 10000000111001011001?
10000000111001010001
In base 9, what is 503547 + -140?
503407
In base 5, what is -4114024 - 1300?
-4120324
In base 6, what is -1113552 - 525?
-1114521
In base 12, what is 2149 + 22a4?
4431
In base 10, what is -306570 - -1814?
-304756
In base 15, what is -43 + 3516c?
35129
In base 9, what is -151564014 - 15?
-151564030
In base 5, what is -1323 + 343044132?
343042304
In base 5, what is 24442200033 + 4?
24442200042
In base 4, what is -1013210 + -31003?
-1110213
In base 6, what is 4 - -2403251401?
2403251405
In base 14, what is -1456552 + 0?
-1456552
In base 4, what is 1303000 + 23213?
1332213
In base 15, what is 533 - -42e7b?
434ae
In base 5, what is -3310220103 - -12?
-3310220041
In base 7, what is 153463 + -600?
152563
In base 9, what is 215821 - -813?
216734
In base 5, what is -320113224 + 102?
-320113122
In base 7, what is 52215662 - -55?
52216050
In base 2, what is -1001011001000101101011 + -10001?
-1001011001000101111100
In base 10, what is 122 - 16663?
-16541
In base 11, what is -a87 - 11413?
-1239a
In base 3, what is 10002210 - -102012210120?
102022220100
In base 2, what is 100101101010110011001111111 + 10?
100101101010110011010000001
In base 15, what is -7 + -5a383e3?
-5a383ea
In base 12, what is 61975 - 835?
61140
In base 5, what is -40330142344 + -3?
-40330142402
In base 6, what is 12215 + 330415?
343034
In base 9, what is 4460334 - -68?
4460413
In base 14, what is -a + -43d570b?
-43d5717
In base 8, what is 24031261 + -14?
24031245
In base 2, what is -1010110001 - -100111111101000?
100110100110111
In base 6, what is 2351014234 + -2?
2351014232
In base 4, what is 3000123313 - -1023?
3000131002
In base 16, what is -4 - 398a864?
-398a868
In base 2, what is 10001 - 100100101010110110100?
-100100101010110100011
In base 16, what is 1b + -3d432?
-3d417
In base 14, what is 1 - 6016491?
-6016490
In base 15, what is 3a7c - cbd?
2cae
In base 15, what is -5237 + -5794?
-a9cb
In base 13, what is 88402 + -b1?
88321
In base 8, what is -77 - -1451575?
1451476
In base 4, what is 10 - 22031303310?
-22031303300
In base 4, what is 1203120 - 23222?
1113232
In base 8, what is -226572 - 101?
-226673
In base 8, what is -20 - -12050160?
12050140
In base 5, what is 44 + -30402113?
-30402014
In base 16, what is -5 + 1ca9ea?
1ca9e5
In base 5, what is 3134132200 - -143?
3134132343
In base 12, what is 4a - 18445b?
-184411
In base 3, what is 2100021110212 - 2122?
2100021101020
In base 6, what is -13 - 1133015034?
-1133015051
In base 6, what is 25010025 + 5125?
25015154
In base 16, what is -baf21 - 2e?
-baf4f
In base 6, what is 4045 - -1005223?
1013312
In base 4, what is -130223 - -1300011?
1103122
In base 11, what is -1 - -17a87877a?
17a878779
In base 9, what is 55234428 - -4?
55234433
In base 12, what is -27 + -13115b5?
-1311620
In base 8, what is 2 - -116356740?
116356742
In base 16, what is -14d18 - -4c?
-14ccc
In base 13, what is -6883 - 5081?
-b934
In base 14, what is 119 - 36391c?
-363803
In base 5, what is -34 - -141324121?
141324032
In base 16, what is 3 + -d3ce18?
-d3ce15
In base 6, what is 1345 + 24023055?
24024444
In base 2, what is 1010111101110001 - -100100111010?
1011100010101011
In base 13, what is -a8 + 377a39?
377961
In base 12, what is 6bb7 - 1937?
5280
In base 8, what is 102375267 - -20?
102375307
In base 8, what is -2015312 + -150?
-2015462
In base 7, what is 21 - -500045011?
500045032
In base 4, what is 3 - -1101321221330?
1101321221333
In base 5, what is 44 - -10400033?
10400132
In base 14, what is -4937 - -3b?
-48da
In base 2, what is -111110010000110111101011 + 1001010?
-111110010000110110100001
In base 13, what is 1b4b95c - -2?
1b4b961
In base 8, what is 123 + 2330323?
2330446
In base 6, what is 523023 + 103?
523130
In base 8, what is -611673775 - 2?
-611673777
In base 15, what is -23 + 22e84e?
22e82b
In base 13, what is 19a6a9 - -1?
19a6aa
In base 3, what is 211121101220111102 + -1?
211121101220111101
In base 6, what is 400254220 - 2?
400254214
In base 12, what is -a - 16848a3?
-16848b1
In base 9, what is -118 - -406078?
405860
In base 11, what is 8 + 7398460?
7398468
In base 15, what is 17ca8e - 1d?
17ca71
In base 4, what is -301 - -313001313?
313001012
In base 12, what is 2037 + 16b2?
3729
In base 11, what is -1795 - 1333?
-3018
In base 14, what is 1d41 + -ab23?
-8bc2
In base 2, what is 101010 + 10010111001010001100?
10010111001010110110
In base 15, what is 1640a6 - -18?
1640be
In base 7, what is -23 + 15316600?
15316544
In base 15, what is 5162 - -55?
51b7
In base 2, what is 10111111001110001 - -101110?
10111111010011111
In base 12, what is 1788 + 18860?
1a428
In base 12, what is 6 + -568164?
-56815a
In base 5, what is 43 + 34413322?
34413420
In base 3, what is -102202 - 10021122000?
-10022001202
In base 5, what is 1203002 - -10342?
1213344
In base 15, what is -37c05a + b?
-37c04e
In base 12, what is -1133 - -37a6?
2673
In base 7, what is 15 + -4344163?
-4344145
In base 10, what is 5 - 13354678?
-13354673
In base 16, what is -112495 + -1?
-112496
In base 11, what is 3 + -1806662?
-180665a
In base 2, what is 1001 - -1111010100011000101?
1111010100011001110
In base 4, what is 3 + -30113332002?
-30113331333
In base 3, what is -120222 